{"id":1301,"date":"2024-10-06T10:14:59","date_gmt":"2024-10-06T08:14:59","guid":{"rendered":"https:\/\/hamntesbaskets.fr\/lamarchedelamort\/?page_id=1301"},"modified":"2024-10-22T19:56:45","modified_gmt":"2024-10-22T17:56:45","slug":"inscrits","status":"publish","type":"page","link":"https:\/\/hamntesbaskets.fr\/lamarchedelamort\/index.php\/inscrits\/","title":{"rendered":"Inscrits"},"content":{"rendered":"\t\t<div data-elementor-type=\"wp-post\" data-elementor-id=\"1301\" class=\"elementor elementor-1301\">\n\t\t\t\t\t\t<section class=\"elementor-section elementor-top-section elementor-element elementor-element-797db47 elementor-section-content-middle elementor-section-boxed elementor-section-height-default elementor-section-height-default\" data-id=\"797db47\" data-element_type=\"section\" data-e-type=\"section\" data-settings=\"{&quot;background_background&quot;:&quot;classic&quot;}\">\n\t\t\t\t\t\t\t<div class=\"elementor-background-overlay\"><\/div>\n\t\t\t\t\t\t\t<div class=\"elementor-container elementor-column-gap-no\">\n\t\t\t\t\t<div class=\"elementor-column elementor-col-100 elementor-top-column elementor-element elementor-element-b15b336\" data-id=\"b15b336\" data-element_type=\"column\" data-e-type=\"column\">\n\t\t\t<div class=\"elementor-widget-wrap elementor-element-populated\">\n\t\t\t\t\t\t<div class=\"elementor-element elementor-element-ea3c554 elementor-widget elementor-widget-heading\" data-id=\"ea3c554\" data-element_type=\"widget\" data-e-type=\"widget\" data-widget_type=\"heading.default\">\n\t\t\t\t<div class=\"elementor-widget-container\">\n\t\t\t\t\t<h1 class=\"elementor-heading-title elementor-size-default\">Les inscrits<\/h1>\t\t\t\t<\/div>\n\t\t\t\t<\/div>\n\t\t\t\t\t<\/div>\n\t\t<\/div>\n\t\t\t\t\t<\/div>\n\t\t<\/section>\n\t\t<div class=\"elementor-element elementor-element-8694ef5 e-flex e-con-boxed e-con e-parent\" data-id=\"8694ef5\" data-element_type=\"container\" data-e-type=\"container\">\n\t\t\t\t\t<div class=\"e-con-inner\">\n\t\t\t\t<div class=\"elementor-element elementor-element-3d5a320 elementor-widget elementor-widget-button\" data-id=\"3d5a320\" data-element_type=\"widget\" data-e-type=\"widget\" data-widget_type=\"button.default\">\n\t\t\t\t<div class=\"elementor-widget-container\">\n\t\t\t\t\t\t\t\t\t<div class=\"elementor-button-wrapper\">\n\t\t\t\t\t<a class=\"elementor-button elementor-button-link elementor-size-sm\" href=\"https:\/\/hamntesbaskets.fr\/lamarchedelamort\/wp-content\/uploads\/2024\/10\/Liste_Inscrits_V2-POUR-SITE-WEB.pdf\">\n\t\t\t\t\t\t<span class=\"elementor-button-content-wrapper\">\n\t\t\t\t\t\t\t\t\t<span class=\"elementor-button-text\">Cliquez ici pour voir la liste des inscrits d\u00e9finitive<\/span>\n\t\t\t\t\t<\/span>\n\t\t\t\t\t<\/a>\n\t\t\t\t<\/div>\n\t\t\t\t\t\t\t\t<\/div>\n\t\t\t\t<\/div>\n\t\t\t\t<div class=\"elementor-element elementor-element-c658c07 elementor-widget elementor-widget-text-editor\" data-id=\"c658c07\" data-element_type=\"widget\" data-e-type=\"widget\" data-widget_type=\"text-editor.default\">\n\t\t\t\t<div class=\"elementor-widget-container\">\n\t\t\t\t\t\t\t\t\t<p>1100 combattants sont appel\u00e9s sur la ligne de d\u00e9part le 02\/11\/2024 pour un bel hommage.<\/p><p>Les num\u00e9ros de dossard seront communiqu\u00e9s tr\u00e8s bient\u00f4t.<\/p><p>Le retrait des dossards sera possible le vendredi 01 novembre de 14h \u00e0 18h au complexe du vert feuillage (rue de l&rsquo;\u00e9glise 62190 HAM EN ARTOIS) ou le jour de la marche entre 6h15 et 7h55.<\/p><p>Pour retirer votre dossard, vous devrez pr\u00e9senter une carte d\u2019identit\u00e9 en format papier. Vous pourrez \u00e9galement retirer le dossard d\u2019une autre personne sur pr\u00e9sentation de sa carte d\u2019identit\u00e9 en format papier. Attention une carte d&rsquo;identit\u00e9 sur smarpthone n&rsquo;est pas valide et le billet re\u00e7u via Hello Asso ne vaut rien et n&rsquo;est pas n\u00e9cessaire.<\/p><p>Le dossard est \u00e0 porter sur toute la marche et doit \u00eatre visible. Un contr\u00f4le sera effectu\u00e9 au d\u00e9part et un contr\u00f4le sera fait \u00e0 chaque ravitaillement.<\/p><p>L&rsquo;\u00e9v\u00e9nement a \u00e9t\u00e9 complet rapidement depuis le 17 mai \u00e0 167 jours de l&rsquo;\u00e9v\u00e9nement, ce qui est exceptionnel! Merci \u00e0 tous pour ce bel engouement et cette folie collective pour cette premi\u00e8re \u00e9dition!<\/p><p>Notre petit village de 1000 habitants ne peut pas accueillir plus de monde.<\/p><p>Nous sommes d\u00e9sol\u00e9s pour celles et ceux qui n&rsquo;ont pas pu obtenir 1 dossard cette ann\u00e9e.<\/p><p style=\"font-size: 19px; font-style: normal;\">\u00a0<\/p>\t\t\t\t\t\t\t\t<\/div>\n\t\t\t\t<\/div>\n\t\t\t\t<div class=\"elementor-element elementor-element-9eaaffd elementor-alert-info elementor-widget elementor-widget-alert\" data-id=\"9eaaffd\" data-element_type=\"widget\" data-e-type=\"widget\" data-widget_type=\"alert.default\">\n\t\t\t\t<div class=\"elementor-widget-container\">\n\t\t\t\t\t\t\t<div class=\"elementor-alert\" role=\"alert\">\n\n\t\t\t\t\t\t<span class=\"elementor-alert-title\">DESOLE, LA MARCHE DE LA MORT AFFICHE COMPLET ! <\/span>\n\t\t\t\n\t\t\t\n\t\t\t\t\t\t<button type=\"button\" class=\"elementor-alert-dismiss\" aria-label=\"Ignorer cette alerte.\">\n\t\t\t\t\t\t\t\t\t<span aria-hidden=\"true\">&times;<\/span>\n\t\t\t\t\t\t\t<\/button>\n\t\t\t\n\t\t<\/div>\n\t\t\t\t\t\t<\/div>\n\t\t\t\t<\/div>\n\t\t\t\t\t<\/div>\n\t\t\t\t<\/div>\n\t\t\t\t<\/div>\n\t\t","protected":false},"excerpt":{"rendered":"<p>Les inscrits Cliquez ici pour voir la liste des inscrits d\u00e9finitive 1100 combattants sont appel\u00e9s sur la ligne de d\u00e9part le 02\/11\/2024 pour un bel hommage. Les num\u00e9ros de dossard seront communiqu\u00e9s tr\u00e8s bient\u00f4t. Le retrait des dossards sera possible le vendredi 01 novembre de 14h \u00e0 18h au complexe du vert feuillage (rue de [&hellip;]<\/p>\n","protected":false},"author":1,"featured_media":0,"parent":0,"menu_order":0,"comment_status":"closed","ping_status":"closed","template":"","meta":{"_eb_attr":"","site-sidebar-layout":"no-sidebar","site-content-layout":"page-builder","ast-site-content-layout":"full-width-container","site-content-style":"unboxed","site-sidebar-style":"unboxed","ast-global-header-display":"","ast-banner-title-visibility":"","ast-main-header-display":"","ast-hfb-above-header-display":"","ast-hfb-below-header-display":"","ast-hfb-mobile-header-display":"","site-post-title":"disabled","ast-breadcrumbs-content":"","ast-featured-img":"disabled","footer-sml-layout":"","theme-transparent-header-meta":"enabled","adv-header-id-meta":"","stick-header-meta":"","header-above-stick-meta":"","header-main-stick-meta":"","header-below-stick-meta":"","astra-migrate-meta-layouts":"set","ast-page-background-enabled":"default","ast-page-background-meta":{"desktop":{"background-color":"","background-image":"","background-repeat":"repeat","background-position":"center center","background-size":"auto","background-attachment":"scroll","background-type":"","background-media":"","overlay-type":"","overlay-color":"","overlay-opacity":"","overlay-gradient":""},"tablet":{"background-color":"","background-image":"","background-repeat":"repeat","background-position":"center center","background-size":"auto","background-attachment":"scroll","background-type":"","background-media":"","overlay-type":"","overlay-color":"","overlay-opacity":"","overlay-gradient":""},"mobile":{"background-color":"","background-image":"","background-repeat":"repeat","background-position":"center center","background-size":"auto","background-attachment":"scroll","background-type":"","background-media":"","overlay-type":"","overlay-color":"","overlay-opacity":"","overlay-gradient":""}},"ast-content-background-meta":{"desktop":{"background-color":"var(--ast-global-color-5)","background-image":"","background-repeat":"repeat","background-position":"center center","background-size":"auto","background-attachment":"scroll","background-type":"","background-media":"","overlay-type":"","overlay-color":"","overlay-opacity":"","overlay-gradient":""},"tablet":{"background-color":"var(--ast-global-color-5)","background-image":"","background-repeat":"repeat","background-position":"center center","background-size":"auto","background-attachment":"scroll","background-type":"","background-media":"","overlay-type":"","overlay-color":"","overlay-opacity":"","overlay-gradient":""},"mobile":{"background-color":"var(--ast-global-color-5)","background-image":"","background-repeat":"repeat","background-position":"center center","background-size":"auto","background-attachment":"scroll","background-type":"","background-media":"","overlay-type":"","overlay-color":"","overlay-opacity":"","overlay-gradient":""}},"footnotes":""},"class_list":["post-1301","page","type-page","status-publish","hentry"],"yoast_head":"<!-- This site is optimized with the Yoast SEO plugin v27.4 - https:\/\/yoast.com\/product\/yoast-seo-wordpress\/ -->\n<title>Inscrits | La Marche de la Mort<\/title>\n<meta name=\"description\" content=\"Inscrivez-vous pour la marche de la mort, un d\u00e9fi mortel de 50km qui a lieu en novembre \u00e0 Ham en Artois. Un \u00e9v\u00e9nement terrifiant!\" \/>\n<meta name=\"robots\" content=\"index, follow, max-snippet:-1, max-image-preview:large, max-video-preview:-1\" \/>\n<link rel=\"canonical\" href=\"https:\/\/hamntesbaskets.fr\/lamarchedelamort\/index.php\/inscrits\/\" \/>\n<meta property=\"og:locale\" content=\"fr_FR\" \/>\n<meta property=\"og:type\" content=\"article\" \/>\n<meta property=\"og:title\" content=\"Inscrits | La Marche de la Mort\" \/>\n<meta property=\"og:description\" content=\"Inscrivez-vous pour la marche de la mort, un d\u00e9fi mortel de 50km qui a lieu en novembre \u00e0 Ham en Artois. Un \u00e9v\u00e9nement terrifiant!\" \/>\n<meta property=\"og:url\" content=\"https:\/\/hamntesbaskets.fr\/lamarchedelamort\/index.php\/inscrits\/\" \/>\n<meta property=\"og:site_name\" content=\"La Marche de la Mort\" \/>\n<meta property=\"article:publisher\" content=\"https:\/\/www.facebook.com\/hamntesbaskets\/\" \/>\n<meta property=\"article:modified_time\" content=\"2024-10-22T17:56:45+00:00\" \/>\n<meta property=\"og:image\" content=\"https:\/\/hamntesbaskets.fr\/lamarchedelamort\/wp-content\/uploads\/2024\/01\/YoastSEO.jpg\" \/>\n\t<meta property=\"og:image:width\" content=\"1200\" \/>\n\t<meta property=\"og:image:height\" content=\"675\" \/>\n\t<meta property=\"og:image:type\" content=\"image\/jpeg\" \/>\n<meta name=\"twitter:card\" content=\"summary_large_image\" \/>\n<meta name=\"twitter:label1\" content=\"Dur\u00e9e de lecture estim\u00e9e\" \/>\n\t<meta name=\"twitter:data1\" content=\"2 minutes\" \/>\n<script type=\"application\/ld+json\" class=\"yoast-schema-graph\">{\"@context\":\"https:\\\/\\\/schema.org\",\"@graph\":[{\"@type\":\"WebPage\",\"@id\":\"https:\\\/\\\/hamntesbaskets.fr\\\/lamarchedelamort\\\/index.php\\\/inscrits\\\/\",\"url\":\"https:\\\/\\\/hamntesbaskets.fr\\\/lamarchedelamort\\\/index.php\\\/inscrits\\\/\",\"name\":\"Inscrits | La Marche de la Mort\",\"isPartOf\":{\"@id\":\"https:\\\/\\\/hamntesbaskets.fr\\\/lamarchedelamort\\\/#website\"},\"datePublished\":\"2024-10-06T08:14:59+00:00\",\"dateModified\":\"2024-10-22T17:56:45+00:00\",\"description\":\"Inscrivez-vous pour la marche de la mort, un d\u00e9fi mortel de 50km qui a lieu en novembre \u00e0 Ham en Artois. Un \u00e9v\u00e9nement terrifiant!\",\"breadcrumb\":{\"@id\":\"https:\\\/\\\/hamntesbaskets.fr\\\/lamarchedelamort\\\/index.php\\\/inscrits\\\/#breadcrumb\"},\"inLanguage\":\"fr-FR\",\"potentialAction\":[{\"@type\":\"ReadAction\",\"target\":[\"https:\\\/\\\/hamntesbaskets.fr\\\/lamarchedelamort\\\/index.php\\\/inscrits\\\/\"]}]},{\"@type\":\"BreadcrumbList\",\"@id\":\"https:\\\/\\\/hamntesbaskets.fr\\\/lamarchedelamort\\\/index.php\\\/inscrits\\\/#breadcrumb\",\"itemListElement\":[{\"@type\":\"ListItem\",\"position\":1,\"name\":\"Accueil\",\"item\":\"https:\\\/\\\/hamntesbaskets.fr\\\/lamarchedelamort\\\/\"},{\"@type\":\"ListItem\",\"position\":2,\"name\":\"Inscrits\"}]},{\"@type\":\"WebSite\",\"@id\":\"https:\\\/\\\/hamntesbaskets.fr\\\/lamarchedelamort\\\/#website\",\"url\":\"https:\\\/\\\/hamntesbaskets.fr\\\/lamarchedelamort\\\/\",\"name\":\"La Marche de la Mort\",\"description\":\"un d\u00e9fi mortel !\",\"publisher\":{\"@id\":\"https:\\\/\\\/hamntesbaskets.fr\\\/lamarchedelamort\\\/#organization\"},\"potentialAction\":[{\"@type\":\"SearchAction\",\"target\":{\"@type\":\"EntryPoint\",\"urlTemplate\":\"https:\\\/\\\/hamntesbaskets.fr\\\/lamarchedelamort\\\/?s={search_term_string}\"},\"query-input\":{\"@type\":\"PropertyValueSpecification\",\"valueRequired\":true,\"valueName\":\"search_term_string\"}}],\"inLanguage\":\"fr-FR\"},{\"@type\":\"Organization\",\"@id\":\"https:\\\/\\\/hamntesbaskets.fr\\\/lamarchedelamort\\\/#organization\",\"name\":\"La Marche de la Mort\",\"url\":\"https:\\\/\\\/hamntesbaskets.fr\\\/lamarchedelamort\\\/\",\"logo\":{\"@type\":\"ImageObject\",\"inLanguage\":\"fr-FR\",\"@id\":\"https:\\\/\\\/hamntesbaskets.fr\\\/lamarchedelamort\\\/#\\\/schema\\\/logo\\\/image\\\/\",\"url\":\"https:\\\/\\\/hamntesbaskets.fr\\\/lamarchedelamort\\\/wp-content\\\/uploads\\\/2023\\\/12\\\/cropped-logo_bonhomme.png\",\"contentUrl\":\"https:\\\/\\\/hamntesbaskets.fr\\\/lamarchedelamort\\\/wp-content\\\/uploads\\\/2023\\\/12\\\/cropped-logo_bonhomme.png\",\"width\":512,\"height\":512,\"caption\":\"La Marche de la Mort\"},\"image\":{\"@id\":\"https:\\\/\\\/hamntesbaskets.fr\\\/lamarchedelamort\\\/#\\\/schema\\\/logo\\\/image\\\/\"},\"sameAs\":[\"https:\\\/\\\/www.facebook.com\\\/hamntesbaskets\\\/\",\"https:\\\/\\\/www.instagram.com\\\/hamntesbaskets\"]}]}<\/script>\n<!-- \/ Yoast SEO plugin. -->","yoast_head_json":{"title":"Inscrits | La Marche de la Mort","description":"Inscrivez-vous pour la marche de la mort, un d\u00e9fi mortel de 50km qui a lieu en novembre \u00e0 Ham en Artois. Un \u00e9v\u00e9nement terrifiant!","robots":{"index":"index","follow":"follow","max-snippet":"max-snippet:-1","max-image-preview":"max-image-preview:large","max-video-preview":"max-video-preview:-1"},"canonical":"https:\/\/hamntesbaskets.fr\/lamarchedelamort\/index.php\/inscrits\/","og_locale":"fr_FR","og_type":"article","og_title":"Inscrits | La Marche de la Mort","og_description":"Inscrivez-vous pour la marche de la mort, un d\u00e9fi mortel de 50km qui a lieu en novembre \u00e0 Ham en Artois. Un \u00e9v\u00e9nement terrifiant!","og_url":"https:\/\/hamntesbaskets.fr\/lamarchedelamort\/index.php\/inscrits\/","og_site_name":"La Marche de la Mort","article_publisher":"https:\/\/www.facebook.com\/hamntesbaskets\/","article_modified_time":"2024-10-22T17:56:45+00:00","og_image":[{"width":1200,"height":675,"url":"https:\/\/hamntesbaskets.fr\/lamarchedelamort\/wp-content\/uploads\/2024\/01\/YoastSEO.jpg","type":"image\/jpeg"}],"twitter_card":"summary_large_image","twitter_misc":{"Dur\u00e9e de lecture estim\u00e9e":"2 minutes"},"schema":{"@context":"https:\/\/schema.org","@graph":[{"@type":"WebPage","@id":"https:\/\/hamntesbaskets.fr\/lamarchedelamort\/index.php\/inscrits\/","url":"https:\/\/hamntesbaskets.fr\/lamarchedelamort\/index.php\/inscrits\/","name":"Inscrits | La Marche de la Mort","isPartOf":{"@id":"https:\/\/hamntesbaskets.fr\/lamarchedelamort\/#website"},"datePublished":"2024-10-06T08:14:59+00:00","dateModified":"2024-10-22T17:56:45+00:00","description":"Inscrivez-vous pour la marche de la mort, un d\u00e9fi mortel de 50km qui a lieu en novembre \u00e0 Ham en Artois. Un \u00e9v\u00e9nement terrifiant!","breadcrumb":{"@id":"https:\/\/hamntesbaskets.fr\/lamarchedelamort\/index.php\/inscrits\/#breadcrumb"},"inLanguage":"fr-FR","potentialAction":[{"@type":"ReadAction","target":["https:\/\/hamntesbaskets.fr\/lamarchedelamort\/index.php\/inscrits\/"]}]},{"@type":"BreadcrumbList","@id":"https:\/\/hamntesbaskets.fr\/lamarchedelamort\/index.php\/inscrits\/#breadcrumb","itemListElement":[{"@type":"ListItem","position":1,"name":"Accueil","item":"https:\/\/hamntesbaskets.fr\/lamarchedelamort\/"},{"@type":"ListItem","position":2,"name":"Inscrits"}]},{"@type":"WebSite","@id":"https:\/\/hamntesbaskets.fr\/lamarchedelamort\/#website","url":"https:\/\/hamntesbaskets.fr\/lamarchedelamort\/","name":"La Marche de la Mort","description":"un d\u00e9fi mortel !","publisher":{"@id":"https:\/\/hamntesbaskets.fr\/lamarchedelamort\/#organization"},"potentialAction":[{"@type":"SearchAction","target":{"@type":"EntryPoint","urlTemplate":"https:\/\/hamntesbaskets.fr\/lamarchedelamort\/?s={search_term_string}"},"query-input":{"@type":"PropertyValueSpecification","valueRequired":true,"valueName":"search_term_string"}}],"inLanguage":"fr-FR"},{"@type":"Organization","@id":"https:\/\/hamntesbaskets.fr\/lamarchedelamort\/#organization","name":"La Marche de la Mort","url":"https:\/\/hamntesbaskets.fr\/lamarchedelamort\/","logo":{"@type":"ImageObject","inLanguage":"fr-FR","@id":"https:\/\/hamntesbaskets.fr\/lamarchedelamort\/#\/schema\/logo\/image\/","url":"https:\/\/hamntesbaskets.fr\/lamarchedelamort\/wp-content\/uploads\/2023\/12\/cropped-logo_bonhomme.png","contentUrl":"https:\/\/hamntesbaskets.fr\/lamarchedelamort\/wp-content\/uploads\/2023\/12\/cropped-logo_bonhomme.png","width":512,"height":512,"caption":"La Marche de la Mort"},"image":{"@id":"https:\/\/hamntesbaskets.fr\/lamarchedelamort\/#\/schema\/logo\/image\/"},"sameAs":["https:\/\/www.facebook.com\/hamntesbaskets\/","https:\/\/www.instagram.com\/hamntesbaskets"]}]}},"rttpg_featured_image_url":null,"rttpg_author":{"display_name":"hamntesbaskets","author_link":"https:\/\/hamntesbaskets.fr\/lamarchedelamort\/index.php\/author\/hamntesbaskets\/"},"rttpg_comment":0,"rttpg_category":null,"rttpg_excerpt":"Les inscrits Cliquez ici pour voir la liste des inscrits d\u00e9finitive 1100 combattants sont appel\u00e9s sur la ligne de d\u00e9part le 02\/11\/2024 pour un bel hommage. Les num\u00e9ros de dossard seront communiqu\u00e9s tr\u00e8s bient\u00f4t. Le retrait des dossards sera possible le vendredi 01 novembre de 14h \u00e0 18h au complexe du vert feuillage (rue de\u2026","_links":{"self":[{"href":"https:\/\/hamntesbaskets.fr\/lamarchedelamort\/index.php\/wp-json\/wp\/v2\/pages\/1301","targetHints":{"allow":["GET"]}}],"collection":[{"href":"https:\/\/hamntesbaskets.fr\/lamarchedelamort\/index.php\/wp-json\/wp\/v2\/pages"}],"about":[{"href":"https:\/\/hamntesbaskets.fr\/lamarchedelamort\/index.php\/wp-json\/wp\/v2\/types\/page"}],"author":[{"embeddable":true,"href":"https:\/\/hamntesbaskets.fr\/lamarchedelamort\/index.php\/wp-json\/wp\/v2\/users\/1"}],"replies":[{"embeddable":true,"href":"https:\/\/hamntesbaskets.fr\/lamarchedelamort\/index.php\/wp-json\/wp\/v2\/comments?post=1301"}],"version-history":[{"count":19,"href":"https:\/\/hamntesbaskets.fr\/lamarchedelamort\/index.php\/wp-json\/wp\/v2\/pages\/1301\/revisions"}],"predecessor-version":[{"id":1433,"href":"https:\/\/hamntesbaskets.fr\/lamarchedelamort\/index.php\/wp-json\/wp\/v2\/pages\/1301\/revisions\/1433"}],"wp:attachment":[{"href":"https:\/\/hamntesbaskets.fr\/lamarchedelamort\/index.php\/wp-json\/wp\/v2\/media?parent=1301"}],"curies":[{"name":"wp","href":"https:\/\/api.w.org\/{rel}","templated":true}]}}